greatest common divisor of g and v?
34
Suppose 4*i - 5 = 11. Suppose d = -i*d + 65. Suppose 4*q - 5*q + d = 0. What is the greatest common factor of q and 52?
13
Let r be (2 - 1) + (-2 - -16). Let b(d) = 33*d. Let t be b(1). Let a = t + r. What is the highest common factor of a and 32?
16
Let r = -47 - -155. What is the highest common factor of 12 and r?
12
Let z(s) = 5*s**2 - 3*s - 9. Let t be z(-6). Calculate the highest common factor of t and 27.
27
Let f be (-52)/(-2) + 0 + -1. Calculate the highest common factor of 10 and f.
5
Suppose 0 = 5*b + 14 + 1. Let h = b - -8. What is the highest common divisor of 10 and h?
5
Suppose -2*b = l, -5*b + 4*l + 26 = -0*b. Let h(f) = 9*f + 2. Let u be h(b). Calculate the greatest common factor of 4 and u.
4
Suppose 4*f - 4*m - 14 = -m, 3*m + 12 = 3*f. Let x = 1 + -1. Let c = f + x. Calculate the greatest common factor of 6 and c.
2
Let l(m) = -3*m**2 + 2*m**3 - 3 - 3*m**3 - 20*m + 8*m**2 + 22*m. Let y be l(5). Calculate the highest common divisor of y and 49.
7
Suppose -4 = 2*f, s - 5*s + 2 = 3*f. Let p(m) = m**2 - 6*m + 7. Let l be p(5). What is the greatest common divisor of s and l?
2
Let o be (-70)/(-2) + 3/(-3). Suppose -231 - 109 = -5*x. Suppose 0 = -c + 5*c - x. Calculate the highest common factor of c and o.
17
Let d(n) = -n**2 + 10*n - 16. Let c be d(8). Suppose c = -5*j + 4*j + 24. Let i be 2/(-2) + 73/1. What is the greatest common divisor of i and j?
24
Let t be ((-6)/(-4))/((-6)/(-8)). Let f be 1*(11 - 0) - t. Suppose 0 = 4*w - 3*j - 7, 0 = w + 2*w - 3*j - 6. What is the highest common factor of w and f?
1
Let n(v) = -v + 8. Let o be n(6). Suppose 5*p = -o*f - 12, -2*f = f - 5*p - 32. Let w be (-4)/(-3)*(-9)/(-2). What is the greatest common divisor of w and f?
2
Suppose 4*m - 2 = 10. What is the highest common divisor of 27 and m?
3
Suppose -3*m = -7*m + 36. Let n(x) = 3*x + 0*x + m*x - 1. Let v be n(1). What is the greatest common divisor of 33 and v?
11
Let l(o) = -o**3 + 11*o**2 - 2*o + 42. Let a be l(11). What is the highest common factor of a and 25?
5
Suppose -5*w + 194 = -166. What is the highest common factor of 8 and w?
8
Let r be (-358)/(-4) + 12/(-8). What is the greatest common factor of 11 and r?
11
Suppose x + 20 = 2*x. Suppose -42 = -n - 3*n - a, 5*a + 30 = 4*n. Calculate the highest common factor of n and x.
10
Let m(x) = 18*x**2 + x - 1. Let g(y) = -y. Let v(k) = -g(k) + m(k). Let b be v(1). Calculate the greatest common divisor of 152 and b.
19
Let k be ((-3)/(-3))/(-1)*(-4 - 5). Calculate the highest common factor of 1 and k.
1
Suppose -3*w - 58 = -3*b - 2*w, 0 = -3*b + 3*w + 54. What is the greatest common divisor of b and 30?
10
Let r(s) = s**3 - s**2 - 4*s + 2. Let x be r(4). Calculate the greatest common factor of 374 and x.
34
Suppose -2*o + 112 = -o. Suppose 2*j + 3*x - 40 = 19, 3*j + x = 85. What is the highest common divisor of o and j?
28
Suppose 0 = -2*p + 513 - 99. What is the highest common factor of p and 23?
23
Let u(t) = t**2 + 3*t - 1. Let s be ((-2)/(-4))/(3/(-30)). Let q be u(s). What is the greatest common divisor of q and 72?
9
Suppose -2*d - 4 = c, -4*c - 3*d = 2*d + 4. Calculate the greatest common divisor of 32 and c.
4
Let m be (-128)/1*(-3)/(-6). Let b = 15 + m. Let i = 71 + b. Calculate the greatest common divisor of 2 and i.
2
Let z(j) = j**3 - 2*j**2 + 3. Let c be z(3). Suppose -4*k + 2*w = -6, 4*k + 0*w - 31 = -3*w. Calculate the highest common divisor of c and k.
4
Suppose -20 = h - 2*h + 5*l, -2*h + 5*l = -55. What is the highest common factor of h and 7?
7
Suppose 0 = -5*t - 0*t - o + 67, 62 = 4*t + 5*o. Suppose 2*u - 77 + t = 0. What is the greatest common factor of 48 and u?
16
Let i(b) = b**3 - 9*b**2 - 12*b - 11. Let k be i(11). Calculate the greatest common factor of k and 9.
9
Let k = -183 - -213. What is the greatest common factor of k and 45?
15
Let c(q) = -23*q + 2. Let l be c(-5). What is the highest common factor of 39 and l?
39
Let s(u) = -10*u**2 - 2*u - u**3 - 7 + 2*u**2 - 7*u. Let n be s(-7). What is the highest common divisor of n and 1?
1
Let q(s) = s**3 - 5*s**2 - 6*s. Let k be q(7). Let m be (0 - 1)*3*-1. Let x be 12*(-1 + 5/m). What is the highest common factor of k and x?
8
Let n be 6*((-27)/(-6) - -3). Suppose 8*s = 3*s + n. What is the greatest common factor of s and 27?
9
Suppose 4*x = -3*w + 440, w - 61 - 73 = 5*x. Suppose 5*s - 29 - 61 = 0. What is the greatest common factor of s and w?
18
Let o be (10*(-1)/(-2))/1. What is the highest common divisor of o and 5?
5
Let h be -1*(3 - -12)*-1. Let o be (42/h)/(4/100). Suppose -4*d = -43 + 3. What is the highest common divisor of d and o?
10
Let y be 559/(-52) - 1/4. Let t be -7 - y - 3/(-1). What is the highest common factor of 77 and t?
7
Let b be (-12)/10*(-10)/3. Suppose x = -2*x - 4*h + 14, -b*x + 6 = -h. What is the greatest common divisor of 14 and x?
2
Suppose 3*u - 18 = -3. Suppose -9 = b + 2*b. Let i = 13 + b. Calculate the highest common factor of u and i.
5
Let r(t) = -3*t + 13. Let w be r(-5). Calculate the highest common factor of w and 42.
14
Suppose 2*p - 8 = -0*o + o, 0 = -2*o + 8. Let i = p + -5. Let n be i*24 + (5 - 2). What is the highest common divisor of n and 9?
9
Suppose 4*m - 864 = 56. Calculate the greatest common divisor of m and 92.
46
Let i(g) = 4*g - 2. Let q be i(4). Calculate the greatest common factor of 21 and q.
7
Let c(b) = -4*b**3 + b**3 + 2*b + 5 + 2*b**3 + 4*b**2. Let j be c(4). Suppose j + 11 = 2*y. What is the greatest common divisor of y and 108?
12
Let g be (-4)/10 - 44/(-10). Suppose 271 = j + 79. Suppose -j = -g*z - 0*z. Calculate the highest common factor of 12 and z.
12
Let s(u) = -5*u**3 - u**2. Let w be s(-1). Suppose 0 = -0*a + w*a - 60. Calculate the greatest common factor of 5 and a.
5
Let u be 8/(2/276*3). What is the greatest common divisor of u and 46?
46
Let n(s) = s + 12. Let m = -7 + -3. Let z be n(m). Calculate the greatest common factor of 5 and z.
1
Let p be (-18)/4*((-40)/5)/2. What is the highest common divisor of p and 2?
2
Let j(c) = -c + 1 + 16 + 2*c. Suppose 7*l = 2*l. Let h be j(l). Calculate the greatest common divisor of 85 and h.
17
Let j be (1 - -2)/3 + 2. Suppose 2*c = 3*c - j. Let m be 62/6 - c/9. What is the highest common divisor of m and 10?
10
Let r = -43 + 79. Let u = r + -25. Let b = u + 11. What is the highest common divisor of b and 110?
22
Let d(z) = -3*z**2 + 2*z - 1. Let a be d(2). Let o = -1 - a. What is the greatest common divisor of 72 and o?
8
Let j = -65 + 66. Let p(a) = 3*a**2 - a + 1. Let i be p(1). What is the highest common divisor of i and j?
1
Let x(i) = 14*i**2 - 2*i. Let m be x(-2). Suppose 3*d - 2*d = 2*y - 23, 4*y = -4*d + 52. Calculate the highest common divisor of m and y.
12
Let o(a) = -3*a**2 + a - 2. Let m be ((-3)/(-2))/(12/16). Let l be o(m). Let g be (125 - -1)*(-8)/l. What is the highest common factor of g and 12?
12
Let a(i) = -i - 11. Let l be a(12). Let y = 118 + l. What is the greatest common divisor of y and 38?
19
Let r = -74 - -261. Calculate the highest common factor of 17 and r.
17
Let w(h) be the first derivative of -1 + 60*h - 1/2*h**2. Let r be w(0). What is the greatest common factor of r and 12?
12
Let v = -21 + 24. Suppose 5*p - 81 - 39 = 0. What is the greatest common divisor of p and v?
3
Let u(q) = -5*q - 42. Let j be u(-12). What is the highest common factor of j and 18?
18
Let h = 160 - 131. Calculate the greatest common divisor of 145 and h.
29
Let a = 46 - 10. What is the greatest common factor of a and 288?
36
Let v(c) = -2 - 3*c**2 + 2*c**2 - 5*c**3 - 4*c**3. Let j be v(-2). Calculate the highest common divisor of 22 and j.
22
Let c = 69 + -39. What is the greatest common factor of c and 10?
10
Suppose 0 = -4*z + 4*o + 972, 3*z - 1011 + 266 = -o. Suppose -5*k - 5*b = -0*k - 425, -3*k + z = b. Calculate the highest common divisor of k and 9.
9
Let y = -41 + 14. Let r = y + 102. What is the greatest common divisor of 30 and r?
15
Let a(c) = -2*c**3 - 2*c**2 - 4*c - 2. Let n be a(-3). Suppose -151 = -5*f - p - 37, -3*f - 5*p = -64. Calculate the greatest common factor of f and n.
23
Suppose -2*b - 1 - 5 = 0, b + 39 = 2*s. Calculate the highest common divisor of s and 54.
18
Let y(b) = -3*b - 1. Let k be y(-7). Calculate the greatest com